e the remainder when 281565 is divided by 56295.
90
Calculate the remainder when 50121484 is divided by 442.
10
What is the remainder when 88824498 is divided by 118?
116
Calculate the remainder when 1032491 is divided by 6296.
6243
Calculate the remainder when 211942 is divided by 206671.
5271
What is the remainder when 3622413 is divided by 6?
3
What is the remainder when 14164617 is divided by 53?
49
Calculate the remainder when 2559586 is divided by 1995.
1
Calculate the remainder when 2814486 is divided by 938150.
36
Calculate the remainder when 173141 is divided by 804.
281
What is the remainder when 1789 is divided by 593?
10
Calculate the remainder when 273182 is divided by 968.
206
Calculate the remainder when 153102 is divided by 280.
222
Calculate the remainder when 1809991 is divided by 75413.
79
Calculate the remainder when 1172950 is divided by 3304.
30
Calculate the remainder when 489839 is divided by 97.
86
Calculate the remainder when 188364952 is divided by 764.
752
Calculate the remainder when 385585 is divided by 96393.
13
Calculate the remainder when 444046 is divided by 34157.
5
What is the remainder when 30744931 is divided by 18?
13
Calculate the remainder when 59036613 is divided by 621438.
3
What is the remainder when 17769398 is divided by 1324?
1318
What is the remainder when 4236585 is divided by 37?
11
What is the remainder when 8022 is divided by 1720?
1142
Calculate the remainder when 2115322 is divided by 1841.
13
What is the remainder when 1196113 is divided by 1196111?
2
What is the remainder when 104104 is divided by 329?
140
Calculate the remainder when 39269399 is divided by 10408.
15
Calculate the remainder when 3272890 is divided by 11247.
13
Calculate the remainder when 971867 is divided by 241773.
4775
Calculate the remainder when 67419 is divided by 21.
9
What is the remainder when 4914402 is divided by 2457173?
56
Calculate the remainder when 17232879 is divided by 528.
15
What is the remainder when 150342271 is divided by 1167?
1162
Calculate the remainder when 694958575 is divided by 316.
315
What is the remainder when 29865 is divided by 29250?
615
Calculate the remainder when 13486868 is divided by 923.
915
What is the remainder when 1025693 is divided by 1025685?
8
What is the remainder when 14826636 is divided by 872154?
18
What is the remainder when 299557 is divided by 2966?
2957
Calculate the remainder when 9567985 is divided by 455617.
28
What is the remainder when 12010864 is divided by 12901?
33
What is the remainder when 3267683 is divided by 155594?
209
Calculate the remainder when 355367 is divided by 118334.
365
Calculate the remainder when 9004 is divided by 2180.
284
Calculate the remainder when 37107 is divided by 5851.
2001
Calculate the remainder when 4930243 is divided by 4.
3
What is the remainder when 94634 is divided by 30765?
2339
What is the remainder when 3555671 is divided by 1136?
1127
What is the remainder when 3610288 is divided by 51?
49
Calculate the remainder when 32977 is divided by 6547.
242
Calculate the remainder when 695419 is divided by 1090.
1089
What is the remainder when 112558 is divided by 4514?
4222
Calculate the remainder when 2182256 is divided by 272780.
16
What is the remainder when 2289081 is divided by 45781?
31
Calculate the remainder when 38440961 is divided by 53.
8
What is the remainder when 1040781 is divided by 205?
201
What is the remainder when 437599 is divided by 29153?
304
Calculate the remainder when 89414 is divided by 79.
65
What is the remainder when 41194938 is divided by 20?
18
Calculate the remainder when 1095066 is divided by 281.
9
Calculate the remainder when 4550759 is divided by 64.
39
What is the remainder when 13154121 is divided by 51?
48
Calculate the remainder when 1214965 is divided by 1469.
102
Calculate the remainder when 181940 is divided by 1697.
361
What is the remainder when 85402 is divided by 8538?
22
Calculate the remainder when 300924797 is divided by 2575.
2572
Calculate the remainder when 57815 is divided by 5224.
351
What is the remainder when 13435716 is divided by 281?
263
Calculate the remainder when 18356081 is divided by 1727.
1525
What is the remainder when 682970 is divided by 7850?
20
Calculate the remainder when 38439114 is divided by 751.
681
What is the remainder when 377321 is divided by 143?
87
Calculate the remainder when 18478 is divided by 80.
78
Calculate the remainder when 665718 is divided by 703.
680
What is the remainder when 22329556 is divided by 7443181?
13
Calculate the remainder when 662624637 is divided by 4556.
4553
Calculate the remainder when 3234 is divided by 1285.
664
What is the remainder when 660535 is divided by 4651?
93
Calculate the remainder when 2416162 is divided by 201345.
22
Calculate the remainder when 551473177 is divided by 357635.
7
What is the remainder when 3569396 is divided by 1199?
1172
Calculate the remainder when 5045969 is divided by 1681981.
26
Calculate the remainder when 305402 is divided by 654.
638
What is the remainder when 530224 is divided by 537?
205
Calculate the remainder when 5995472 is divided by 222054.
14
Calculate the remainder when 27446960 is divided by 639.
632
What is the remainder when 9006968 is divided by 115?
53
Calculate the remainder when 324682 is divided by 162321.
40
Calculate the remainder when 671119 is divided by 125.
119
What is the remainder when 578286 is divided by 733?
682
What is the remainder when 1805434 is divided by 1286?
1176
What is the remainder when 81091676 is divided by 3856?
3852
Calculate the remainder when 58254 is divided by 6422.
456
Calculate the remainder when 35026431 is divided by 128.
127
What is the remainder when 1348770 is divided by 1144?
1138
What is the remainder when 418470 is divided by 418450?
20
What is the remainder when 16891322 is divided by 73?
71
What is the remainder when 614331 is divided by 8?
3
Calculate the remainder when 15510273 is divided by 7755130.
13
What is the remainder when 113730 is divided by 429?
45
Calculate the remainder when 672555 is divided by 44805.
480
Calculate the remainder when 532478 is divided by 264781.
2916
Calculate the remainder when 713037 is divided by 155.
37
What is the remainder when 44192015 is divided by 13?
10
Calculate the remainder when 1385683 is divided by 92354.
373
Calculate the remainder when 779351 is divided by 239.
211
Calculate the remainder when 63595 is divided by 765.
100
Calculate the remainder when 3428842 is divided by 168.
130
What is the remainder when 1295913 is divided by 158?
155
Calculate the remainder when 883347 is divided by 46491.
18
Calculate the remainder when 860710 is divided by 215164.
54
What is the remainder when 300526 is divided by 63?
16
Calculate the remainder when 3476949 is divided by 82.
67
Calculate the remainder when 11474078 is divided by 1008.
14
What is the remainder when 11066293 is divided by 259?
0
Calculate the remainder when 168497 is divided by 3303.
44
What is the remainder when 36002 is divided by 3041?
2551
What is the remainder when 2305369 is divided by 3238?
3151
What is the remainder when 775769 is divided by 180?
149
What is the remainder when 7582017 is divided by 155?
37
Calculate the remainder when 70784147 is divided by 372.
359
Calculate the remainder when 23837 is divided by 1857.
1553
What is the remainder when 43664 is divided by 3884?
940
What is the remainder when 1343396 is divided by 4462?
334
What is the remainder when 1326227 is divided by 133?
84
Calculate the remainder when 163786 is divided by 1434.
310
What is the remainder when 36179398 is divided by 12?
10
Calculate the remainder when 36675 is divided by 1821.
255
Calculate the remainder when 10003 is divided by 1834.
833
What is the remainder when 483033 is divided by 120482?
1105
What is the remainder when 5269794 is divided by 7209?
15
Calculate the remainder when 2044438 is divided by 2044424.
14
What is the remainder when 1085010 is divided by 633?
48
Calculate the remainder when 12777 is divided by 909.
51
Calculate the remainder when 17333975 is divided by 1466.
1457
What is the remainder when 47764 is divided by 1162?
122
Calculate the remainder when 14413 is divided by 3600.
13
What is the remainder